{"id":1541,"date":"2021-11-19T13:25:57","date_gmt":"2021-11-19T12:25:57","guid":{"rendered":"https:\/\/hurni-gruppe.ch\/?page_id=1541"},"modified":"2024-06-20T15:01:29","modified_gmt":"2024-06-20T13:01:29","slug":"notre-profil","status":"publish","type":"page","link":"https:\/\/hurni-gruppe.ch\/fr\/notre-profil\/","title":{"rendered":"Notre profil \u2013 le groupe Hurni"},"content":{"rendered":"\n<div class=\"wp-block-group alignfull has-white-background-color has-background\"><div class=\"wp-block-group__inner-container is-layout-flow wp-block-group-is-layout-flow\">\n<div class=\"wp-block-group\"><div class=\"wp-block-group__inner-container is-layout-flow wp-block-group-is-layout-flow\">\n<h2 class=\"wp-block-heading\">Tout sous le m\u00eame toit et d\u2019une seule main<\/h2>\n\n\n\n<p class=\"lead\">De la r\u00e9gion pour la r\u00e9gion: c\u2019est cela le Groupe Hurni, l\u2019entreprise familiale de Sutz au bord du lac de Bienne, qui regroupe cinq soci\u00e9t\u00e9s sous le m\u00eame toit.<\/p>\n\n\n\n<div class=\"wp-block-media-text alignwide is-stacked-on-mobile is-vertically-aligned-top hurni-media-text\" style=\"grid-template-columns:35% auto\"><figure class=\"wp-block-media-text__media\"><img loading=\"lazy\" decoding=\"async\" width=\"400\" height=\"300\" src=\"\/wp-content\/uploads\/2021\/11\/uns1.jpg\" alt=\"\" class=\"wp-image-174 size-full\" srcset=\"https:\/\/hurni-gruppe.ch\/wp-content\/uploads\/2021\/11\/uns1.jpg 400w, https:\/\/hurni-gruppe.ch\/wp-content\/uploads\/2021\/11\/uns1-300x225.jpg 300w\" sizes=\"auto, (max-width: 400px) 100vw, 400px\" \/><\/figure><div class=\"wp-block-media-text__content\">\n<h3 class=\"wp-block-heading\">Innovante par tradition<\/h3>\n\n\n\n<p>La fondation elle-m\u00eame de l\u2019entreprise familiale en 1895 constituait d\u00e9j\u00e0 une innovation. \u00c0 cette \u00e9poque, Maria Hurni, d\u00e9cida d\u2019extraire du gravier \u00e0 Sutz et de le vendre. Avec succ\u00e8s. Ses arri\u00e8re-arri\u00e8re\u2026 petits-enfants, les deux cousins Fritz et Thomas Hurni, font preuve d\u2019innovation par tradition, et le montrent \u00e0 chaque instant, que ce soit avec des nouveaut\u00e9s d\u2019ordre technique, \u00e9conomique ou \u00e9cologique. Aujourd\u2019hui, le chien Teddy est aussi volontiers de la partie, comme ici \u00e0 la gravi\u00e8re de Kallnach.<\/p>\n<\/div><\/div>\n\n\n\n<div class=\"wp-block-media-text alignwide is-stacked-on-mobile is-vertically-aligned-top hurni-media-text\" style=\"grid-template-columns:35% auto\"><figure class=\"wp-block-media-text__media\"><img loading=\"lazy\" decoding=\"async\" width=\"400\" height=\"300\" src=\"\/wp-content\/uploads\/2021\/11\/uns2.jpg\" alt=\"\" class=\"wp-image-175 size-full\" srcset=\"https:\/\/hurni-gruppe.ch\/wp-content\/uploads\/2021\/11\/uns2.jpg 400w, https:\/\/hurni-gruppe.ch\/wp-content\/uploads\/2021\/11\/uns2-300x225.jpg 300w\" sizes=\"auto, (max-width: 400px) 100vw, 400px\" \/><\/figure><div class=\"wp-block-media-text__content\">\n<h3 class=\"wp-block-heading\">R\u00e9gionale par conviction<\/h3>\n\n\n\n<p>En tant qu\u2019entreprise familiale r\u00e9gionale, nous sommes profond\u00e9ment enracin\u00e9s dans le Seeland bernois et le Jura. Nous savons ce que la r\u00e9gion repr\u00e9sente pour nous, et contribuons avec conviction au bon fonctionnement des infrastructures publiques. Ce&nbsp;qui nous tient encore plus \u00e0 c\u0153ur est notre responsabilit\u00e9 en tant qu\u2019employeur envers nos collaboratrices et collaborateurs.<\/p>\n<\/div><\/div>\n\n\n\n<div class=\"wp-block-media-text alignwide is-stacked-on-mobile is-vertically-aligned-top hurni-media-text\" style=\"grid-template-columns:35% auto\"><figure class=\"wp-block-media-text__media\"><img loading=\"lazy\" decoding=\"async\" width=\"400\" height=\"300\" src=\"\/wp-content\/uploads\/2021\/11\/uns3.jpg\" alt=\"\" class=\"wp-image-176 size-full\" srcset=\"https:\/\/hurni-gruppe.ch\/wp-content\/uploads\/2021\/11\/uns3.jpg 400w, https:\/\/hurni-gruppe.ch\/wp-content\/uploads\/2021\/11\/uns3-300x225.jpg 300w\" sizes=\"auto, (max-width: 400px) 100vw, 400px\" \/><\/figure><div class=\"wp-block-media-text__content\">\n<h3 class=\"wp-block-heading\">Tout d\u2019une seule main<\/h3>\n\n\n\n<p>Nous fournissons tout d\u2019une seule main: les cinq soci\u00e9t\u00e9s du Groupe Hurni proposent nombre de produits et services dans les domaines des mat\u00e9riaux de construction, de l\u2019\u00e9limination, du recyclage, de l\u2019excavation et de la d\u00e9construction. Notre client\u00e8le est constitu\u00e9e d\u2019entreprises, de particuliers et largement de plus de 60 communes de la r\u00e9gion Bienne-Seeland-Jura bernois.<\/p>\n<\/div><\/div>\n<\/div><\/div>\n<\/div><\/div>\n","protected":false},"excerpt":{"rendered":"<p>Tout sous le m\u00eame toit et d\u2019une seule main De la r\u00e9gion pour la r\u00e9gion: c\u2019est cela le Groupe Hurni, l\u2019entreprise familiale de Sutz au&hellip;<\/p>\n","protected":false},"author":2,"featured_media":1196,"parent":0,"menu_order":100,"comment_status":"closed","ping_status":"closed","template":"","meta":{"inline_featured_image":false,"_uag_custom_page_level_css":"","pgc_sgb_lightbox_settings":"","footnotes":""},"class_list":["post-1541","page","type-page","status-publish","has-post-thumbnail","hentry"],"aioseo_notices":[],"uagb_featured_image_src":{"full":["https:\/\/hurni-gruppe.ch\/wp-content\/uploads\/2021\/12\/header-scaled.jpg",2560,853,false],"thumbnail":["https:\/\/hurni-gruppe.ch\/wp-content\/uploads\/2021\/12\/header-150x150.jpg",150,150,true],"medium":["https:\/\/hurni-gruppe.ch\/wp-content\/uploads\/2021\/12\/header-300x100.jpg",300,100,true],"medium_large":["https:\/\/hurni-gruppe.ch\/wp-content\/uploads\/2021\/12\/header-768x256.jpg",768,256,true],"large":["https:\/\/hurni-gruppe.ch\/wp-content\/uploads\/2021\/12\/header-1024x341.jpg",843,281,true],"1536x1536":["https:\/\/hurni-gruppe.ch\/wp-content\/uploads\/2021\/12\/header-1536x512.jpg",1536,512,true],"2048x2048":["https:\/\/hurni-gruppe.ch\/wp-content\/uploads\/2021\/12\/header-2048x683.jpg",2048,683,true]},"uagb_author_info":{"display_name":"gffh","author_link":"https:\/\/hurni-gruppe.ch\/fr\/author\/gffh\/"},"uagb_comment_info":0,"uagb_excerpt":"Tout sous le m\u00eame toit et d\u2019une seule main De la r\u00e9gion pour la r\u00e9gion: c\u2019est cela le Groupe Hurni, l\u2019entreprise familiale de Sutz au&hellip;","_links":{"self":[{"href":"https:\/\/hurni-gruppe.ch\/fr\/wp-json\/wp\/v2\/pages\/1541","targetHints":{"allow":["GET"]}}],"collection":[{"href":"https:\/\/hurni-gruppe.ch\/fr\/wp-json\/wp\/v2\/pages"}],"about":[{"href":"https:\/\/hurni-gruppe.ch\/fr\/wp-json\/wp\/v2\/types\/page"}],"author":[{"embeddable":true,"href":"https:\/\/hurni-gruppe.ch\/fr\/wp-json\/wp\/v2\/users\/2"}],"replies":[{"embeddable":true,"href":"https:\/\/hurni-gruppe.ch\/fr\/wp-json\/wp\/v2\/comments?post=1541"}],"version-history":[{"count":12,"href":"https:\/\/hurni-gruppe.ch\/fr\/wp-json\/wp\/v2\/pages\/1541\/revisions"}],"predecessor-version":[{"id":3172,"href":"https:\/\/hurni-gruppe.ch\/fr\/wp-json\/wp\/v2\/pages\/1541\/revisions\/3172"}],"wp:featuredmedia":[{"embeddable":true,"href":"https:\/\/hurni-gruppe.ch\/fr\/wp-json\/wp\/v2\/media\/1196"}],"wp:attachment":[{"href":"https:\/\/hurni-gruppe.ch\/fr\/wp-json\/wp\/v2\/media?parent=1541"}],"curies":[{"name":"wp","href":"https:\/\/api.w.org\/{rel}","templated":true}]}}

<div class="wp-block-group alignfull has-white-background-color has-background"><div class="wp-block-group__inner-container is-layout-flow wp-block-group-is-layout-flow">
<div class="wp-block-group"><div class="wp-block-group__inner-container is-layout-flow wp-block-group-is-layout-flow">
<h2 class="wp-block-heading">Tout sous le même toit et d’une seule main</h2>



<p class="lead">De la région pour la région: c’est cela le Groupe Hurni, l’entreprise familiale de Sutz au bord du lac de Bienne, qui regroupe cinq sociétés sous le même toit.</p>



<div class="wp-block-media-text alignwide is-stacked-on-mobile is-vertically-aligned-top hurni-media-text" style="grid-template-columns:35% auto"><figure class="wp-block-media-text__media"><img loading="lazy" decoding="async" width="400" height="300" src="/wp-content/uploads/2021/11/uns1.jpg" alt="" class="wp-image-174 size-full" srcset="https://hurni-gruppe.ch/wp-content/uploads/2021/11/uns1.jpg 400w, https://hurni-gruppe.ch/wp-content/uploads/2021/11/uns1-300x225.jpg 300w" sizes="auto, (max-width: 400px) 100vw, 400px" /></figure><div class="wp-block-media-text__content">
<h3 class="wp-block-heading">Innovante par tradition</h3>



<p>La fondation elle-même de l’entreprise familiale en 1895 constituait déjà une innovation. À cette époque, Maria Hurni, décida d’extraire du gravier à Sutz et de le vendre. Avec succès. Ses arrière-arrière… petits-enfants, les deux cousins Fritz et Thomas Hurni, font preuve d’innovation par tradition, et le montrent à chaque instant, que ce soit avec des nouveautés d’ordre technique, économique ou écologique. Aujourd’hui, le chien Teddy est aussi volontiers de la partie, comme ici à la gravière de Kallnach.</p>
</div></div>



<div class="wp-block-media-text alignwide is-stacked-on-mobile is-vertically-aligned-top hurni-media-text" style="grid-template-columns:35% auto"><figure class="wp-block-media-text__media"><img loading="lazy" decoding="async" width="400" height="300" src="/wp-content/uploads/2021/11/uns2.jpg" alt="" class="wp-image-175 size-full" srcset="https://hurni-gruppe.ch/wp-content/uploads/2021/11/uns2.jpg 400w, https://hurni-gruppe.ch/wp-content/uploads/2021/11/uns2-300x225.jpg 300w" sizes="auto, (max-width: 400px) 100vw, 400px" /></figure><div class="wp-block-media-text__content">
<h3 class="wp-block-heading">Régionale par conviction</h3>



<p>En tant qu’entreprise familiale régionale, nous sommes profondément enracinés dans le Seeland bernois et le Jura. Nous savons ce que la région représente pour nous, et contribuons avec conviction au bon fonctionnement des infrastructures publiques. Ce&nbsp;qui nous tient encore plus à cœur est notre responsabilité en tant qu’employeur envers nos collaboratrices et collaborateurs.</p>
</div></div>



<div class="wp-block-media-text alignwide is-stacked-on-mobile is-vertically-aligned-top hurni-media-text" style="grid-template-columns:35% auto"><figure class="wp-block-media-text__media"><img loading="lazy" decoding="async" width="400" height="300" src="/wp-content/uploads/2021/11/uns3.jpg" alt="" class="wp-image-176 size-full" srcset="https://hurni-gruppe.ch/wp-content/uploads/2021/11/uns3.jpg 400w, https://hurni-gruppe.ch/wp-content/uploads/2021/11/uns3-300x225.jpg 300w" sizes="auto, (max-width: 400px) 100vw, 400px" /></figure><div class="wp-block-media-text__content">
<h3 class="wp-block-heading">Tout d’une seule main</h3>



<p>Nous fournissons tout d’une seule main: les cinq sociétés du Groupe Hurni proposent nombre de produits et services dans les domaines des matériaux de construction, de l’élimination, du recyclage, de l’excavation et de la déconstruction. Notre clientèle est constituée d’entreprises, de particuliers et largement de plus de 60 communes de la région Bienne-Seeland-Jura bernois.</p>
</div></div>
</div></div>
</div></div>

<p>Tout sous le même toit et d’une seule main De la région pour la région: c’est cela le Groupe Hurni, l’entreprise familiale de Sutz au&hellip;</p>

Tout sous le même toit et d’une seule main De la région pour la région: c’est cela le Groupe Hurni, l’entreprise familiale de Sutz au&hellip;
